{"id":446,"date":"2013-06-05T20:57:18","date_gmt":"2013-06-05T20:57:18","guid":{"rendered":"https:\/\/11bienal.dreamhosters.com?page_id=446"},"modified":"2022-02-08T13:08:32","modified_gmt":"2022-02-08T16:08:32","slug":"visual-concerts","status":"publish","type":"page","link":"https:\/\/11.bienaldeartesmediales.cl\/en\/visual-concerts\/","title":{"rendered":"Visual Concerts"},"content":{"rendered":"<p style=\"text-align: justify\">The visual concerts consist of a presentation program of live music and image, becoming one of the most powerful performances and more energetic in the interaction between the audience and the filmmakers. These concerts are specifically directed&nbsp;to the design of an intense visual experience.<\/p>\n<p style=\"text-align: justify\">Many media artists develop works both as a solo live performance that handle both image and sound, and in some cases forming interdisciplinary groups&nbsp;between visualists and musicians. In this way, a genre in itself of contemporary cultural representation is constituted.<\/p>\n<p><strong>PROGRAM<\/strong><\/p>\n<p dir=\"ltr\"><em><strong>3 OCTOBER<br \/>\n<\/strong><\/em>(SAL\u00d3N JOS\u00c9 MIGUEL BLANCO &#8211; 20:00 a 21:00 HRS.)<br \/>\nMonta\u00f1a extendida (Jacobino Discos, CL) \/ amigo de los insectos (independent musician, CL)<\/p>\n<p dir=\"ltr\"><em><strong>5<strong>&nbsp;<em><strong>OCTOBER<\/strong><\/em><\/strong><br \/>\n<\/strong><\/em>(SAL\u00d3N JOS\u00c9 MIGUEL BLANCO &#8211; 19:30 a 20:30 HRS.)<br \/>\nColectivo \u00faltima Esperanza (visual artists, Punta Arenas, CL) \/ LEM (engeneer and musician, CL)<\/p>\n<p dir=\"ltr\"><em><strong>12&nbsp;<em><strong>OCTOBER<\/strong><\/em><\/strong><\/em><br \/>\n(SAL\u00d3N JOS\u00c9 MIGUEL BLANCO&nbsp;&#8211; 17:00 a 18:30 HRS.)<br \/>\nai Maako en la bienal (Chilean Electroacoustic Music Festival &#8211; www.cech. cl) \/ Jos\u00e9 Vicente Asuar (engeneer and musician&nbsp;Conservatory of Santiago, CL)<\/p>\n<p dir=\"ltr\"><strong><em>19&nbsp;<em><strong>OCTOBER<\/strong><\/em><\/em><br \/>\n<\/strong>(SAL\u00d3N JOS\u00c9 MIGUEL BLANCO &#8211;&nbsp;17:00 a 18:00 HRS.)<br \/>\nDANIETO (independent musician, CL) \/ Renzo Filinich (composer, PE) + Christian Oyarz\u00fan (artist, CL)<\/p>\n<p><strong><em>25&nbsp;<em><strong>OCTOBER<\/strong><\/em><\/em><br \/>\n<\/strong>(SAL\u00d3N JOS\u00c9 MIGUEL BLANCO&nbsp;&#8211; 19:00 a 21:30 HRS.)<br \/>\nMicro Festival Electromagn\u00e9tica (Chile) \/ elpueblodechina (artist, CL) \/ bureau d\u2019\u00e9tudes (artists, FR)<br \/>\n<strong><em>2&nbsp;<strong><strong><strong>NOVEMBER<br \/>\n<\/strong><\/strong><\/strong><\/em><\/strong>(SAL\u00d3N JOS\u00c9 MIGUEL BLANCO&nbsp;&#8211; 17:00 a 18:30 HRS.)<br \/>\nMicro FObIa (Micro Formula B\u00e1sica en Imagen Audio): La bella Violencia (illustrator, CL), ojO (Punk art, CL) + Contra Oxicorte (Visuales Br\u00edgidas, CL), Maje Fotvm (Sonidos de Cagepci\u00f3n, CL) + A. Barra (filmmaker, CL)<br \/>\n<strong><em>9&nbsp;<strong><em>NOVEMBER<\/em><\/strong><strong><strong><strong><br \/>\n<\/strong><\/strong><\/strong><\/em><\/strong>(SAL\u00d3N JOS\u00c9 MIGUEL BLANCO&nbsp;&#8211; 16:30 a 18:00 HRS.)<br \/>\nLavina yelb (visual artist and musician, CL) \/ armando Saragoni (visual artist and musician, CL) \/ BYM Records: WatchOut! (psychedelic Rock, CL) + VJ Fracaso (CL), La Hell gang (psychedelic Rock, CL) + VJ Fracaso (CL)<br \/>\n<strong><em>16&nbsp;<strong><em>NOVEMBER<\/em><\/strong><strong><strong><strong><br \/>\n<\/strong><\/strong><\/strong><\/em><\/strong>(SAL\u00d3N JOS\u00c9 MIGUEL BLANCO- 17:00 a 19:00 HRS.)<br \/>\nWhite Sample (artists, CL) \/ Oktopus Creatura (CL) \/ Jacobino Discos (independent label, CL) \/ The Loft Team (CL)<\/p>\n","protected":false},"excerpt":{"rendered":"<p>The visual concerts consist of a presentation program of live music and image, becoming one of the most powerful performances and more energetic in the interaction between the audience and the filmmakers. These concerts are specifically directed&nbsp;to the design of an intense visual experience. Many media artists develop works both as a solo live performance [&hellip;]<\/p>\n","protected":false},"author":1,"featured_media":0,"parent":0,"menu_order":0,"comment_status":"closed","ping_status":"closed","template":"conciertos.php","meta":{"footnotes":""},"class_list":["post-446","page","type-page","status-publish","hentry"],"_links":{"self":[{"href":"https:\/\/11.bienaldeartesmediales.cl\/en\/wp-json\/wp\/v2\/pages\/446","targetHints":{"allow":["GET"]}}],"collection":[{"href":"https:\/\/11.bienaldeartesmediales.cl\/en\/wp-json\/wp\/v2\/pages"}],"about":[{"href":"https:\/\/11.bienaldeartesmediales.cl\/en\/wp-json\/wp\/v2\/types\/page"}],"author":[{"embeddable":true,"href":"https:\/\/11.bienaldeartesmediales.cl\/en\/wp-json\/wp\/v2\/users\/1"}],"replies":[{"embeddable":true,"href":"https:\/\/11.bienaldeartesmediales.cl\/en\/wp-json\/wp\/v2\/comments?post=446"}],"version-history":[{"count":1,"href":"https:\/\/11.bienaldeartesmediales.cl\/en\/wp-json\/wp\/v2\/pages\/446\/revisions"}],"predecessor-version":[{"id":3136,"href":"https:\/\/11.bienaldeartesmediales.cl\/en\/wp-json\/wp\/v2\/pages\/446\/revisions\/3136"}],"wp:attachment":[{"href":"https:\/\/11.bienaldeartesmediales.cl\/en\/wp-json\/wp\/v2\/media?parent=446"}],"curies":[{"name":"wp","href":"https:\/\/api.w.org\/{rel}","templated":true}]}}

<p style="text-align: justify">The visual concerts consist of a presentation program of live music and image, becoming one of the most powerful performances and more energetic in the interaction between the audience and the filmmakers. These concerts are specifically directed&nbsp;to the design of an intense visual experience.</p>
<p style="text-align: justify">Many media artists develop works both as a solo live performance that handle both image and sound, and in some cases forming interdisciplinary groups&nbsp;between visualists and musicians. In this way, a genre in itself of contemporary cultural representation is constituted.</p>
<p><strong>PROGRAM</strong></p>
<p dir="ltr"><em><strong>3 OCTOBER<br />
</strong></em>(SALÓN JOSÉ MIGUEL BLANCO &#8211; 20:00 a 21:00 HRS.)<br />
Montaña extendida (Jacobino Discos, CL) / amigo de los insectos (independent musician, CL)</p>
<p dir="ltr"><em><strong>5<strong>&nbsp;<em><strong>OCTOBER</strong></em></strong><br />
</strong></em>(SALÓN JOSÉ MIGUEL BLANCO &#8211; 19:30 a 20:30 HRS.)<br />
Colectivo última Esperanza (visual artists, Punta Arenas, CL) / LEM (engeneer and musician, CL)</p>
<p dir="ltr"><em><strong>12&nbsp;<em><strong>OCTOBER</strong></em></strong></em><br />
(SALÓN JOSÉ MIGUEL BLANCO&nbsp;&#8211; 17:00 a 18:30 HRS.)<br />
ai Maako en la bienal (Chilean Electroacoustic Music Festival &#8211; www.cech. cl) / José Vicente Asuar (engeneer and musician&nbsp;Conservatory of Santiago, CL)</p>
<p dir="ltr"><strong><em>19&nbsp;<em><strong>OCTOBER</strong></em></em><br />
</strong>(SALÓN JOSÉ MIGUEL BLANCO &#8211;&nbsp;17:00 a 18:00 HRS.)<br />
DANIETO (independent musician, CL) / Renzo Filinich (composer, PE) + Christian Oyarzún (artist, CL)</p>
<p><strong><em>25&nbsp;<em><strong>OCTOBER</strong></em></em><br />
</strong>(SALÓN JOSÉ MIGUEL BLANCO&nbsp;&#8211; 19:00 a 21:30 HRS.)<br />
Micro Festival Electromagnética (Chile) / elpueblodechina (artist, CL) / bureau d’études (artists, FR)<br />
<strong><em>2&nbsp;<strong><strong><strong>NOVEMBER<br />
</strong></strong></strong></em></strong>(SALÓN JOSÉ MIGUEL BLANCO&nbsp;&#8211; 17:00 a 18:30 HRS.)<br />
Micro FObIa (Micro Formula Básica en Imagen Audio): La bella Violencia (illustrator, CL), ojO (Punk art, CL) + Contra Oxicorte (Visuales Brígidas, CL), Maje Fotvm (Sonidos de Cagepción, CL) + A. Barra (filmmaker, CL)<br />
<strong><em>9&nbsp;<strong><em>NOVEMBER</em></strong><strong><strong><strong><br />
</strong></strong></strong></em></strong>(SALÓN JOSÉ MIGUEL BLANCO&nbsp;&#8211; 16:30 a 18:00 HRS.)<br />
Lavina yelb (visual artist and musician, CL) / armando Saragoni (visual artist and musician, CL) / BYM Records: WatchOut! (psychedelic Rock, CL) + VJ Fracaso (CL), La Hell gang (psychedelic Rock, CL) + VJ Fracaso (CL)<br />
<strong><em>16&nbsp;<strong><em>NOVEMBER</em></strong><strong><strong><strong><br />
</strong></strong></strong></em></strong>(SALÓN JOSÉ MIGUEL BLANCO- 17:00 a 19:00 HRS.)<br />
White Sample (artists, CL) / Oktopus Creatura (CL) / Jacobino Discos (independent label, CL) / The Loft Team (CL)</p>
